 12*k**2 - 5*k - 10. Give m(5).
40
Let s(o) = 32*o + 79. What is s(-2)?
15
Let h(p) = -2*p**2 - 61*p - 389. Give h(-22).
-15
Let j(b) = b**3 - 9*b**2 - 6*b - 7. Give j(10).
33
Let d(y) = -y**3 + 4*y**2 + 221*y + 18. Determine d(17).
18
Let l(r) = 205*r + 4719. Give l(-23).
4
Let v(h) = -147*h + 3640. Determine v(25).
-35
Let q(d) = -d**2 + 21*d + 56. Determine q(21).
56
Let o(f) = f**3 + 6*f**2 - 86*f + 16. Give o(-10).
476
Let a(c) = -99*c - 8705. What is a(-88)?
7
Let i(l) = -8*l**2 - 150*l + 180. What is i(-20)?
-20
Let n(l) = 2*l**3 + 82*l**2 + 76*l + 3136. Calculate n(-41).
20
Let l(b) = 33*b + 429. Determine l(-19).
-198
Let r(u) = -18*u**2 + 114*u - 460. Give r(4).
-292
Let f(q) = q**2 - 86*q + 351. Determine f(5).
-54
Let q(x) = -13*x**2 + 241*x - 479. Determine q(2).
-49
Let f(o) = 115*o**2 + 688*o + 2. Determine f(-6).
14
Let z(y) = y**3 + 44*y**2 - 47*y - 98. Calculate z(-45).
-8
Let o(n) = -7*n - 145. Calculate o(11).
-222
Let v(y) = -16*y**2 + 88*y - 95. Calculate v(4).
1
Let y(n) = -645*n + 3846. What is y(6)?
-24
Let h(y) = -y**3 - 11*y**2 + 215*y + 2436. Calculate h(-12).
0
Let n(s) = -248*s - 2973. What is n(-12)?
3
Let y(c) = c**3 + 233*c**2 - 9*c - 2074. Give y(-233).
23
Let b(t) = t**3 - 33*t**2 + 267*t + 55. Calculate b(17).
-30
Let q(j) = 12*j**3 - 20*j**2 - 15*j + 48. Calculate q(3).
147
Let i(r) = -22*r - 87. Determine i(-3).
-21
Let w(l) = l**3 - 10*l**2 - 24*l + 129. Calculate w(11).
-14
Let s(z) = z**3 - 15*z**2 - 6*z + 8. What is s(15)?
-82
Let t(z) = z**3 + 116*z**2 + 558*z + 264. Calculate t(-111).
-69
Let a(q) = q**3 - 2*q**2 + 87*q + 306. Give a(-3).
0
Let j(l) = -17*l - 206. What is j(-31)?
321
Let c(h) = -37*h**3 + 2*h**2 - 60*h - 62. Calculate c(-1).
37
Let g(f) = f**3 + 47*f**2 - 15*f + 1606. Calculate g(-48).
22
Let o(p) = -p**3 - 24*p**2 - 2*p + 54. Calculate o(-24).
102
Let w(d) = -77*d - 64. Calculate w(-1).
13
Let y(h) = -2*h**2 + 202*h + 14711. Calculate y(150).
11
Let y(g) = -1175*g - 12936. What is y(-11)?
-11
Let d(g) = 1997*g + 29954. Calculate d(-15).
-1
Let i(b) = 2*b**2 - 63*b + 442. Determine i(15).
-53
Let r(d) = -14*d**3 - 6*d**2 - 7*d + 31. Calculate r(2).
-119
Let q(a) = 323*a - 318. What is q(1)?
5
Let h(r) = -3*r**3 + 229*r**2 - 80*r + 357. Give h(76).
53
Let a(q) = 173*q + 33940. Calculate a(-196).
32
Let t(l) = -l + 84. Give t(20).
64
Let j(n) = 81*n + 224. Give j(-3).
-19
Let c(z) = 2*z**2 + 77*z + 1037. Determine c(-12).
401
Let c(g) = 2*g**2 - 116*g + 536. Determine c(5).
6
Let y(r) = 4*r**3 + 8*r**2 + 18*r + 12. What is y(-1)?
-2
Let l(g) = 2*g**2 - 709*g - 8030. Calculate l(-11).
11
Let x(o) = 105*o - 7401. Calculate x(70).
-51
Let c(i) = -i**2 + 121*i + 1274. What is c(-12)?
-322
Let z(a) = -5*a**2 - 47*a - 105. Give z(-5).
5
Let s(v) = 8*v - 1415. Calculate s(80).
-775
Let t(h) = 73*h - 859. Give t(12).
17
Let k(n) = -1807*n + 18078. Calculate k(10).
8
Let g(w) = 2*w**3 + 22*w**2 + 22*w + 9. Calculate g(-10).
-11
Let z(h) = 9*h**3 + 2*h**2 + 53*h - 166. Give z(3).
254
Let r(j) = j**2 + 11*j - 118. Give r(7).
8
Let c(t) = -2*t**3 - 6*t**2 + 18*t - 43. Determine c(-7).
223
Let x(v) = v**3 - 32*v**2 + 3*v + 66. Give x(32).
162
Let s(g) = -157*g + 12404. Calculate s(79).
1
Let m(b) = 10*b**2 - 15*b - 71. Determine m(4).
29
Let k(b) = b**2 - 61*b - 2538. Determine k(-28).
-46
Let z(h) = -h**2 - 46*h - 97. Give z(-44).
-9
Let q(k) = 32*k**3 + 55*k**2 + k - 8. Determine q(-3).
-380
Let s(u) = -u**2 - 96*u + 5. Determine s(-96).
5
Let l(z) = -32*z + 2008. Calculate l(63).
-8
Let k(b) = -b**3 + 6*b**2 - 8*b + 5. Give k(6).
-43
Let f(l) = -58*l - 2535. Determine f(-44).
17
Let t(q) = -24*q + 223. Calculate t(-2).
271
Let m(y) = 22*y - 841. Calculate m(37).
-27
Let z(w) = 3771*w - 101826. Calculate z(27).
-9
Let q(n) = -64*n + 1284. What is q(20)?
4
Let k(n) = n**3 + 79*n**2 - 74*n + 488. Give k(-80).
8
Let z(t) = -2*t**2 - 58*t - 572. Calculate z(-19).
-192
Let g(j) = j**3 - 19*j**2 + 927*j - 17597. Determine g(19).
16
Let s(c) = 2383*c + 26299. Calculate s(-11).
86
Let j(c) = 5*c**2 - 15*c + 47. Calculate j(4).
67
Let o(p) = -p**3 - 12*p**2 + 19. Calculate o(-12).
19
Let z(f) = f**3 - 32*f**2 + f - 85. Calculate z(32).
-53
Let v(c) = -42*c + 286. Calculate v(7).
-8
Let q(a) = -283*a + 12157. Determine q(43).
-12
Let s(c) = 20*c - 659. Give s(31).
-39
Let v(n) = -14*n**2 + 6*n - 20. What is v(6)?
-488
Let l(d) = 2*d**3 + 3*d**2 + 15*d - 20. Give l(1).
0
Let r(s) = s**3 + 118*s**2 + 358*s + 1411. Calculate r(-115).
-84
Let x(c) = -8*c**2 + 99*c + 196. What is x(14)?
14
Let s(b) = 5*b**2 + 271*b + 2238. Calculate s(-44).
-6
Let d(f) = f**2 + 4*f - 71. Determine d(-11).
6
Let u(k) = 9582*k + 114997. What is u(-12)?
13
Let g(j) = -2*j**2 + 23*j + 684. Give g(25).
9
Let n(c) = 111*c + 214. Determine n(-3).
-119
Let x(t) = -7*t**3 - 7*t - 16. What is x(-4)?
460
Let g(i) = i**3 - 7*i**2 + 11*i - 1. Determine g(2).
1
Let o(g) = -4*g**3 + 49*g**2 - 14*g - 5. Determine o(12).
-29
Let f(n) = 65*n**2 + 13*n + 11. What is f(-2)?
245
Let m(d) = -11*d**2 + 32*d - 70. Give m(2).
-50
Let w(h) = -420*h - 11345. What is w(-27)?
-5
Let a(z) = 4*z**3 + 8*z**2 - 36*z - 185. Determine a(-6).
-545
Let h(k) = k**2 + 90*k + 1163. Give h(-75).
38
Let w(x) = -71*x**3 - 6*x**2 + 3*x + 7. Determine w(-1).
69
Let x(w) = 5843*w + 46728. Determine x(-8).
-16
Let k(h) = -13*h - 493. Determine k(-37).
-12
Let q(j) = j**3 + 9*j**2 - 5*j + 29. Give q(-11).
-158
Let q(o) = 379*o + 1592. Calculate q(-7).
-1061
Let z(x) = 15*x - 6. Determine z(7).
99
Let q(y) = -3*y**3 + 49*y**2 + 22*y - 100. Give q(17).
-304
Let q(h) = h**2 - 11*h - 29. Determine q(0).
-29
Let z(h) = -h**3 - 18*h**2 + 40*h - 9. Give z(-20).
-9
Let h(k) = 62*k**2 + 4840*k + 298. Determine h(-78).
-14
Let g(r) = -278*r + 1473. Give g(6).
-195
Let p(c) = 313*c**2 - 52*c - 57. What is p(-1)?
308
Let c(l) = -6*l**2 + 33*l - 12. Determine c(5).
3
Let b(u) = 62*u + 4460. What is b(-71)?
58
Let z(v) = -1327*v + 33180. Calculate z(25).
5
Let b(t) = -167*t - 19091. Calculate b(-114).
-53
Let m(h) = -41*h - 23. Calculate m(-1).
18
Let w(a) = -a**2 + 29*a - 216. What is w(17)?
-12
Let d(j) = j**2 - 455*j + 17342. Calculate d(42).
-4
Let j(b) = 1562*b + 24943. What is j(-16)?
-49
Let t(q) = q**3 - 4*q**2 - 9*q + 21. Calculate t(-3).
-15
Let d(q) = 2*q**2 + 18*q - 18. What is d(-12)?
54
Let d(r) = -r**3 - 18*r**2 - 32*r + 40. What is d(-15)?
-155
Let r(l) = -1302*l - 5202. Calculate r(-4).
6
Let i(b) = b**2 + 77*b - 1169. Calculate i(13).
1
Let z(w) = w**2 - 62*w + 757. What is z(47)?
52
Let b(x) = x**3 + 6*x**2 + 157. What is b(0)?
157
Let x(v) = v**3 + 3*v**2 + 12*v + 16. Give x(-4).
-48
Let d(i) = -19*i**2 + 273*i + 165. Give d(15).
-15
Let c(d) = -d**2 - 136*d - 821. Give c(-6).
-41
Let n(z) = 63*z - 193. Determine n(3).
-4
Let m(u) = 4*u - 26. Calculate m(4).
-10
Let t(v) = v**3 - 7*v**2 - 343*v + 2097. Determine t(6).
3
Let i(r) = 3*r**2 - 43*r - 1407. What is i(30)?
3
Let i(c) = c**3 - 86*c**2 - 81*c - 545. Give i(87).
-23
Let a(m) = -116*m - 7538. What is a(-65)?
2
Let p(s) = s**3 + 9*s**2 - 29*s + 13. What is p(5)?
218
Let c(j) = -j**3 - 21*j**2 - 34*j + 41. Determine c(-19).
-35
Let l(u) = 7*u - 91. Give l(21).
56
Let m(a) = -74*a**2 - 2222*a - 51. Give m(-30).
9
Let j(n) = -2*n**2 + 1714*n - 31838. What is j(19)?
6
Let b(x) = -203*x + 1019. Give b(5).
4
Let x(w) = 7*w**2 - 220*w - 219. Calculate x(-1).
8
Let a(j) = -25*j - 1695. Give a(-61).
-170
Let p(n) = 2*n**2 - 210*n + 759. Calculate p(101).
-49
Let o(w) = w**3 - 7*w - 16. Determine o(-2).
-10
Let f(b) = 8*b**3 - 3*b**2 - 3*b - 4. What is f(-2)?
-74
Let x(f) = 14*f**3 + 2*f**2 - f - 1. What is x(-1)?
-12
Let q(a) = 9*a**2 - 34*a + 6. What is q(4)?
14
Let w(r) = 2*r + 18. Give w(4).
26
Let a(i) = 1011*i - 5061. Calculate a(5).
-6
Let u(q) = -3*q**2 + 77*q + 157. Give u(-2).
-9
Let y(g) = -15*g + 554. Give y(38).
-16
Let z(l) = 19*l**2 - 36*l + 37. Calculate z(1).
20
Let c(y) = 2*y**2 - 94*y - 3261. Give c(-25).
339
Let x(u) = -u**3 - 27*u**2 + 20*u - 1125. Calculate x(-29).
-23
Let t(p) = -626*p - 637. Determine t(-1).
-11
Let n(c) = 9*c - 44. Calculate n(6).
10
Let v(x) = x**2 + 15*x - 198. Calculate v(6).
-72
Let k(g) = -994*g + 54698. Give k(55).
28
Let v(y) = y**2 - 45*y - 255. Determine v(-5).
-5
Let